t are the prime factors of 37160203?
23, 1615661
What are the prime factors of 208798433?
71, 139, 21157
List the prime factors of 316302225.
3, 5, 4217363
What are the prime factors of 43718891?
43718891
What are the prime factors of 18228327?
3, 13, 29, 71, 227
List the prime factors of 362166559.
457, 792487
What are the prime factors of 128847247?
128847247
What are the prime factors of 6000912?
2, 3, 29, 479
List the prime factors of 2447743702.
2, 499, 2452649
What are the prime factors of 37761599?
53, 712483
List the prime factors of 57225624.
2, 3, 2384401
List the prime factors of 1822313596.
2, 455578399
List the prime factors of 171279552.
2, 3, 691, 1291
List the prime factors of 1806022702.
2, 11, 82091941
What are the prime factors of 69372686?
2, 19, 1825597
List the prime factors of 54741147.
3, 19, 673, 1427
List the prime factors of 3397646988.
2, 3, 94379083
What are the prime factors of 30484995?
3, 5, 17, 119549
What are the prime factors of 131762847?
3, 43920949
List the prime factors of 5442629979.
3, 31, 997, 58699
List the prime factors of 21990199.
7, 11, 277, 1031
List the prime factors of 1058868567.
3, 117652063
List the prime factors of 99952587.
3, 7, 31, 61, 839
What are the prime factors of 3475075508?
2, 2557, 339761
What are the prime factors of 519520977?
3, 57724553
What are the prime factors of 1841695671?
3, 613898557
List the prime factors of 238392784.
2, 7, 139, 15313
What are the prime factors of 559641697?
559641697
List the prime factors of 935723872.
2, 29241371
What are the prime factors of 452045552?
2, 7, 1601, 2521
What are the prime factors of 368182962?
2, 3, 7, 347, 401
What are the prime factors of 88283814?
2, 3, 71, 207239
What are the prime factors of 3759462157?
11, 341769287
List the prime factors of 881483003.
881483003
What are the prime factors of 1603187929?
7, 23, 127, 487
List the prime factors of 451844663.
53, 8525371
What are the prime factors of 54585124?
2, 11, 53, 89, 263
List the prime factors of 176675721.
3, 58891907
What are the prime factors of 150030955?
5, 23, 101, 12917
List the prime factors of 114450206.
2, 13, 59, 74609
List the prime factors of 1449627824.
2, 90601739
List the prime factors of 442723043.
7, 41, 1542589
List the prime factors of 885449221.
61, 137, 105953
List the prime factors of 122986925.
5, 17, 289381
What are the prime factors of 495623690?
2, 5, 2297, 21577
What are the prime factors of 5442970497?
3, 101, 1327, 13537
List the prime factors of 49837381.
11, 4530671
What are the prime factors of 489988929?
3, 19, 8596297
List the prime factors of 87169076.
2, 1567, 13907
What are the prime factors of 280319666?
2, 11, 43, 257, 1153
List the prime factors of 783347069.
10273, 76253
What are the prime factors of 521938114?
2, 17, 29, 529349
List the prime factors of 93205807.
151, 617257
What are the prime factors of 925537856?
2, 199, 72671
List the prime factors of 446465596.
2, 31, 47, 76607
List the prime factors of 50009881.
19, 2632099
List the prime factors of 36571269.
3, 7, 61, 28549
List the prime factors of 467137330.
2, 5, 11, 269, 15787
List the prime factors of 272872878.
2, 3, 45478813
List the prime factors of 34806209.
89, 263, 1487
List the prime factors of 7798861577.
13, 271, 2213699
List the prime factors of 259205760.
2, 3, 5, 11, 4091
List the prime factors of 865530829.
811, 1067239
List the prime factors of 4700744773.
89, 52817357
What are the prime factors of 2067744086?
2, 131, 7892153
List the prime factors of 7788717316.
2, 1947179329
List the prime factors of 112010545.
5, 79, 283571
What are the prime factors of 1000361981?
131, 7636351
List the prime factors of 402609507.
3, 134203169
List the prime factors of 79741725.
3, 5, 7, 67, 2267
What are the prime factors of 10100449?
10100449
What are the prime factors of 1424811824?
2, 19, 4686881
List the prime factors of 5143039228.
2, 53, 337, 71987
List the prime factors of 3552177525.
3, 5, 13, 67, 54377
What are the prime factors of 7675493788?
2, 101, 1181, 16087
List the prime factors of 50528204.
2, 12632051
What are the prime factors of 2173150116?
2, 3, 60365281
List the prime factors of 17099354.
2, 19, 97, 4639
List the prime factors of 118018450.
2, 5, 11, 89, 2411
List the prime factors of 1634781078.
2, 3, 7, 53, 229, 1069
What are the prime factors of 280884020?
2, 5, 37, 379573
List the prime factors of 221781255.
3, 5, 971, 15227
List the prime factors of 355132487.
355132487
List the prime factors of 6008271.
3, 701, 2857
What are the prime factors of 2906080492?
2, 7, 31, 37, 41, 2207
What are the prime factors of 135704939?
137, 990547
List the prime factors of 44160750.
2, 3, 5, 19, 1033
List the prime factors of 36848715.
3, 5, 2456581
List the prime factors of 4382321265.
3, 5, 7, 1303, 3559
What are the prime factors of 2886343692?
2, 3, 23, 89, 117503
What are the prime factors of 177044655?
3, 5, 11802977
What are the prime factors of 154657287?
3, 521, 32983
List the prime factors of 1799835208.
2, 224979401
List the prime factors of 70324155.
3, 5, 11, 17, 61, 137
What are the prime factors of 836167071?
3, 71, 3925667
List the prime factors of 59888303.
907, 66029
What are the prime factors of 886852995?
3, 5, 7, 2153, 3923
What are the prime factors of 505071247?
5099, 99053
List the prime factors of 388658305.
5, 7, 149, 74527
List the prime factors of 2268371539.
7, 53, 6114209
List the prime factors of 511085498.
2, 7, 11, 277, 11981
What are the prime factors of 36507113?
19, 1921427
What are the prime factors of 22818041?
29, 786829
List the prime factors of 312259621.
17, 31, 479, 1237
What are the prime factors of 1526719931?
11, 59, 1063, 2213
List the prime factors of 8001420.
2, 3, 5, 7, 19051
What are the prime factors of 134719001?
6421, 20981
List the prime factors of 17890386.
2, 3, 113, 26387
List the prime factors of 380656720.
2, 5, 4758209
What are the prime factors of 863371651?
2803, 308017
List the prime factors of 32385263.
1511, 21433
What are the prime factors of 120495568?
2, 19, 127, 3121
What are the prime factors of 612523320?
2, 3, 5, 109, 46829
What are the prime factors of 431794835?
5, 86358967
List the prime factors of 676988068.
2, 169247017
List the prime factors of 569100681.
3, 21077803
What are the prime factors of 142344288?
2, 3, 494251
List the prime factors of 315574850.
2, 5, 37, 43, 3967
What are the prime factors of 268413032?
2, 33551629
What are the prime factors of 36527955?
3, 5, 2435197
List the prime factors of 75017509.
7, 331, 32377
What are the prime factors of 909024456?
2, 3, 383, 98893
What are the prime factors of 358645875?
3, 5, 7, 317, 431
List the prime factors of 608365720.
2, 5, 43, 577, 613
List the prime factors of 138658232.
2, 113, 163, 941
What are the prime factors of 697727331?
3, 7, 43, 85853
List the prime factors of 2760001673.
11, 13, 71, 271841
What are the prime factors of 851234277?
3, 523, 542533
List the prime factors of 953966250.
2, 3, 5, 19, 4463
What are the prime factors of 12046527?
3, 97, 13799
What are the prime factors of 4365515270?
2, 5, 167, 2614081
What are the prime factors of 4713514702?
2, 13, 181289027
What are the prime factors of 144597220?
2, 5, 19, 109, 3491
List the prime factors of 2771227570.
2, 5, 79, 3507883
List the prime factors of 110342481.
3, 19, 547, 3539
List the prime factors of 8053776.
2, 3, 103, 181
What are the prime factors of 19617960?
2, 3, 5, 163483
List the prime factors of 182326488.
2, 3, 7596937
List the prime factors of 167910729.
3, 7, 7995749
List the prime factors of 81178955.
5, 11, 13, 113537
List the prime factors of 226981048.
2, 7, 47, 86239
List the prime factors of 49411243.
7, 37, 71, 2687
What are the prime factors of 528708136?
2, 11, 19, 316213
List the prime factors of 8433440.
2, 5, 52709
List the prime factors of 223964960.
2, 5, 41, 34141
What are the prime factors of 859737081?
3, 7, 739, 55399
What are the prime factors of 42285087?
3, 13, 361411
List the prime factors of 12839117.
19, 675743
List the prime factors of 14757318.
2, 3, 283, 2897
List the prime factors of 664794082.
2, 251, 887, 1493
List the prime factors of 273590.
2, 5, 109, 251
List the prime factors of 485877657.
3,